 m.
3, 11, 13
Let g(n) = 14*n**2 + 46*n - 588. List the prime factors of g(16).
2, 3, 311
Let y = 3016 + 1619. List the prime factors of y.
3, 5, 103
Let l = -509 - -743. Suppose -4*n - 55 = -3*t + 123, 2*n = 4*t - l. Suppose 4*z = f - t, f + z = 6*z + 57. What are the prime factors of f?
2, 31
Let s(r) = 167*r**2 + r + 2. Let z be s(1). Suppose 0 = -19*b + 24*b - z. What are the prime factors of b?
2, 17
Suppose 5*z - 15 = 5. Suppose z*o + 4*o = 0. Suppose o = 5*b - 4*a - 300, 0*b + 2*b = -a + 133. What are the prime factors of b?
2
Suppose 8*c - 12*c = -3*r + 10494, -4*c + 13992 = 4*r. Let j = r - 1797. List the prime factors of j.
3, 7
Let f be 21/3 + 5*-1. Suppose -2*t - f*y = y - 3, -3*y = -5*t - 3. Suppose t = -3*s + 4*u - 3*u + 451, 0 = 4*s + u - 606. List the prime factors of s.
151
Suppose -2*y = 2*k - 698, -6 + 0 = 2*y. Suppose 5*o - 708 = 4*a + k, 0 = -3*o - 3*a + 663. List the prime factors of o.
2, 3
Let y = 22775 - 13750. What are the prime factors of y?
5, 19
Suppose 21213 = -264*g + 267*g. What are the prime factors of g?
3, 2357
Suppose -227*u - 115*u = -24252246. List the prime factors of u.
70913
Let k be (-440)/(-385)*(6 + 1). What are the prime factors of 457 - (3 + k/(-6))*-3?
2, 3, 7, 11
Let i(c) = -2*c**3 + c**2 - c + 607. Suppose 0 = -0*x - 3*x. List the prime factors of i(x).
607
Let y = -48 + 34. Let t = y + 19. Suppose t*h - 3*k = 110, -2*k + 44 = 2*h + k. List the prime factors of h.
2, 11
Suppose 791347 = 102*j - 35873. List the prime factors of j.
2, 5, 811
List the prime factors of 2/17 + (-16)/(-3*68/60306).
2, 5, 11, 43
Suppose -3968*b = -3958*b - 13940. What are the prime factors of b?
2, 17, 41
Let m be (6/(-4))/(1/(-346)). Let n = m + -183. Suppose 4*v - 2*v - n = 0. List the prime factors of v.
2, 3, 7
Let i = -16028 + 32549. What are the prime factors of i?
3, 5507
Let n(r) = 1 - 2*r + 5*r + 915*r**2 - 914*r**2. Let f(c) = c**2 + 5*c + 2. Let b(u) = -3*f(u) + 7*n(u). List the prime factors of b(-6).
109
Let a(o) = 9 - 5*o + 5 - 4. Let v be ((-2)/(-4)*7)/(1 + 24/(-16)). List the prime factors of a(v).
3, 5
Suppose 30*t - 31*t + 3*b = -484, -t = 3*b - 514. Let v = t + 382. What are the prime factors of v?
881
Let z(d) = d**3 + 20. Let h be z(0). Let m(y) = -y**2 + 18*y + 42. Let q be m(h). List the prime factors of (-1)/((0 + q)/(-222)).
3, 37
Suppose -14*v = -21 - 7. Suppose 0*z - 4*w = -v*z + 662, 5*z - 1707 = -3*w. List the prime factors of z.
3, 113
Suppose -n + 3 + 25 = -5*a, -2*n - 14 = 4*a. Suppose -2334 = -4*d - 2*p, 3*d - n*p + 8*p - 1761 = 0. What are the prime factors of d?
2, 3, 97
Let y be -6 - (14/(-2) - 2). Suppose r + y = 0, -121 - 459 = -5*c - 5*r. List the prime factors of c.
7, 17
Let y be (6*(-60)/36)/((-1)/26). Let z = y + -125. List the prime factors of z.
3, 5
Let d = -90085 - -138146. List the prime factors of d.
13, 3697
Let a be (-2)/(-3)*(0 - 12/(-8)). Let l(z) = 52*z + 2. List the prime factors of l(a).
2, 3
Let s(c) = 485*c + 499. List the prime factors of s(46).
3, 7603
Let f = 168 - 194. What are the prime factors of -3 - ((-4)/f - 40970/130)?
2, 3, 13
List the prime factors of ((-473124)/1958)/(1/(-11)).
2, 3, 443
Let q = 65 + -57. Suppose -3*c = 12*b - q*b - 600, -2*b + 290 = 4*c. What are the prime factors of b?
3, 17
Let t(v) = 139*v**2 - 5*v - 18. Let w be t(-3). Let s = -366 + w. List the prime factors of s.
2, 3, 7
Let a(c) = -9*c - 148. Let k(v) = -v**2 - 21*v - 296. Let r(d) = 5*a(d) - 3*k(d). What are the prime factors of r(-19)?
7, 127
Let u = -44 + 38. Let h(l) = l**2 + 10*l + 14. Let j be h(u). What are the prime factors of (-12)/j*120/4?
2, 3
Let t(u) = u**3 - 25*u**2 + 47*u - 20. Let f be t(23). Suppose -f*c = -2*c - 146. Suppose -c + 32 = -6*o. List the prime factors of o.
19
Suppose 5*y + 4*o - 784 = 3*y, 0 = -2*y + 5*o + 775. Let v = y - 135. List the prime factors of v.
3, 5, 17
Let o = 8625 - -41109. What are the prime factors of o?
2, 3, 307
Let c be 14 + (-58)/18 + (-22)/(-99). Suppose -1732 = -15*t + c*t. What are the prime factors of t?
433
Let n(t) = -3*t**3 - 11*t**2 - 16*t - 6. Let l(x) = x**3 + x**2 + x. Let y(q) = -2*l(q) - n(q). Let f be y(-6). List the prime factors of (-15)/f - (-10)/4.
2
Suppose s = 5*v + 5*s + 162, -3*v = -s + 104. List the prime factors of 897/2 - (-17)/v.
2, 7
Let v(q) = q**3 + 44*q**2 - 122*q + 129. What are the prime factors of v(-44)?
23, 239
Let g be (0 - 2) + -2 + -893. Let r = -249 - g. What are the prime factors of r?
2, 3
Suppose -22376*m = -22388*m + 247308. What are the prime factors of m?
37, 557
Let l(q) = -7 - 8*q**3 - q**2 + 307*q + 9*q**3 - 312*q. List the prime factors of l(7).
2, 3, 7
Suppose -2838 = -112*t + 26*t. What are the prime factors of t?
3, 11
Suppose 663*n - 3*x - 135160 = 659*n, 16 = 2*x. What are the prime factors of n?
2, 7, 17, 71
Suppose 3*q + 12 = 0, -41378 = -t + 36*q - 38*q. List the prime factors of t.
2, 20693
List the prime factors of 7*(5170 + 0/11 + 3).
7, 739
Suppose -566847 = -20*w - 167827. List the prime factors of w.
71, 281
Let i = 51172 - 25647. List the prime factors of i.
5, 1021
Suppose 50 = 2*a - 7*a. Let i(d) be the third derivative of -d**4/12 - d**3 + 32*d**2. List the prime factors of i(a).
2, 7
Suppose 5*l + 5*u + 9780 = 0, 0 = -46*l + 49*l + 5*u + 5862. Let v = -579 - l. What are the prime factors of v?
2, 3, 5, 23
Let m be (-1)/(-1) - 810/27. Suppose d - p = -d - 103, -99 = 2*d + 3*p. Let s = m - d. List the prime factors of s.
2, 11
Suppose 0 = -6*l + 29 + 1. Let f(o) = 7*o - l*o + 2*o. What are the prime factors of f(2)?
2
Let b = -9975 - -27962. List the prime factors of b.
17987
Let u be (-3)/(((30/(-4))/(-5))/(-3)). List the prime factors of 1 + 36/u - -386.
3, 131
What are the prime factors of 8*(3883390/(-56))/(-29)?
2, 5, 1913
What are the prime factors of (-20)/280 - (761185/(-70) + (-60)/10)?
2, 5, 17
Suppose -65*l + 31681 = -93526 - 127318. What are the prime factors of l?
3, 5, 7, 37
Suppose 4*n + 190*t - 196*t = 54372, 68022 = 5*n + 2*t. What are the prime factors of n?
2, 3, 2267
Suppose -93*d = -82*d - 3454. Suppose -318*t + 1484 = -d*t. What are the prime factors of t?
7, 53
Let b(p) = 6*p**2 + 30*p - 1142. What are the prime factors of b(-62)?
2, 7, 1433
Let v be 1/(-5) + (-1 - (-93)/15). Suppose -v*s + 43 + 2 = 0. Let l = 96 + s. List the prime factors of l.
3, 5, 7
Let w(l) = 86*l**2 - 55*l + 186. List the prime factors of w(-11).
11197
Let t = -32737 - -13612. What are the prime factors of (t/(-21) - -1) + (-98)/(-343)?
2, 3, 19
Suppose 4*o + 5*v - 7 = 0, o + 0*v = -2*v + 1. Suppose 54 = 6*i + o*i. Suppose 0 = -i*s + 534 - 180. List the prime factors of s.
59
Suppose 8*j - 2*s = 7*j + 36, -6 = 3*s. Suppose v - 50 = -j. List the prime factors of v.
2, 3
Let n(m) = -m**3 - 45*m**2 - 70*m - 54. Suppose -528 = 32*u - 20*u. What are the prime factors of n(u)?
2, 5, 109
Let f(j) = -j**3 + 37*j**2 + 12*j - 30. Let o be f(36). Suppose 3*c + 2*y = 1454, 232 - o = -3*c + 4*y. What are the prime factors of c?
2, 3
Suppose 3*s - 5*s = 3*q - 44, s = -3*q + 16. Let o = s - -564. What are the prime factors of o?
2, 37
Let b be 2 + -1 + (-48)/(-16). Suppose -b*t + h + 1119 = -1164, -h = -3*t + 1713. Suppose n - 4*a = 102, -5*n + 2*a = -3*a - t. What are the prime factors of n?
2, 59
Suppose 3*j = -205*o + 201*o + 36113, 4*j - 48180 = 2*o. List the prime factors of j.
12043
Suppose 4*i - 3*s - 11274 = 0, -7*s + 11*s = 4*i - 11276. Suppose 9663 - i = 7*r. What are the prime factors of r?
2, 3, 163
Suppose 44*d = -17*d + 73017. Suppose 27*b - 30*b + d = 0. List the prime factors of b.
3, 7, 19
Suppose q + 20 = 5*j, -3*j - 5*q + q + 35 = 0. Suppose -j*b + 3530 = -5*i, 2*b = -3*b + i + 3546. What are the prime factors of b?
2, 5, 71
Suppose -245*h + 252*h - 1211 = 0. Suppose -539 = -2*l + h. What are the prime factors of l?
2, 89
Let o(k) = 13*k**2 - 9*k + 14. Let c = -27 - -31. Let j be o(c). What are the prime factors of 4/(13 + -1)*j?
2, 31
Suppose -2 = 2*v + 3*p, 12 = 3*v - 2*p + 2. Let w be v + -4 - -1*2 - 96. Let i = w + 164. List the prime factors of i.
2, 17
Let t be (132/8)/(3/(-16)). Let f = t - -93. Suppose -f*q + 348 - 8 = 0. What are the prime factors of q?
2, 17
Suppose 2*r = -4*r + 17272 + 84986. What are the prime factors of r?
3, 13, 19, 23
Let a